{"id":1261,"date":"2025-09-20T17:08:42","date_gmt":"2025-09-20T15:08:42","guid":{"rendered":"https:\/\/jeanpierrejoly.fr\/?page_id=1261"},"modified":"2026-01-25T16:46:00","modified_gmt":"2026-01-25T15:46:00","slug":"4-presentation-contact","status":"publish","type":"page","link":"https:\/\/jeanpierrejoly.fr\/?page_id=1261","title":{"rendered":"Pr\u00e9sentation-Contact"},"content":{"rendered":"\n<p class=\"has-small-font-size\">Apr\u00e8s des ann\u00e9es bien remplies de pratique psychiatrique et psychanalytique, le retour \u00e0 celle de la photographie s&rsquo;est impos\u00e9e. Elle avait commenc\u00e9 en 1970, avec un Pracktica mat, en Afghanistan. C&rsquo;\u00e9tait au pied des falaises de B\u00e2miy\u00e2n, chez le vieux de la montagne.<\/p>\n\n\n\n<div class=\"wp-block-jetpack-tiled-gallery aligncenter is-style-rectangular\"><div class=\"\"><div class=\"tiled-gallery__gallery\"><div class=\"tiled-gallery__row\"><div class=\"tiled-gallery__col\" style=\"flex-basis:46.41378%\"><figure class=\"tiled-gallery__item\"><img decoding=\"async\" data-attachment-id=\"1268\" data-permalink=\"https:\/\/jeanpierrejoly.fr\/?attachment_id=1268\" data-orig-file=\"https:\/\/jeanpierrejoly.fr\/wp-content\/uploads\/2025\/09\/bamiyan-site.jpg\" data-orig-size=\"665,1024\" data-comments-opened=\"1\" data-image-meta=\"{&quot;aperture&quot;:&quot;1.8&quot;,&quot;credit&quot;:&quot;&quot;,&quot;camera&quot;:&quot;iPhone SE (3rd generation)&quot;,&quot;caption&quot;:&quot;&quot;,&quot;created_timestamp&quot;:&quot;1758290811&quot;,&quot;copyright&quot;:&quot;&quot;,&quot;focal_length&quot;:&quot;3.99&quot;,&quot;iso&quot;:&quot;500&quot;,&quot;shutter_speed&quot;:&quot;0.033333333333333&quot;,&quot;title&quot;:&quot;&quot;,&quot;orientation&quot;:&quot;1&quot;}\" data-image-title=\"bamiyan-site\" data-image-description=\"\" data-image-caption=\"\" data-medium-file=\"https:\/\/jeanpierrejoly.fr\/wp-content\/uploads\/2025\/09\/bamiyan-site-195x300.jpg\" data-large-file=\"https:\/\/jeanpierrejoly.fr\/wp-content\/uploads\/2025\/09\/bamiyan-site.jpg\" data-attachment-id=\"1268\" data-permalink=\"https:\/\/jeanpierrejoly.fr\/?attachment_id=1268\" data-orig-file=\"https:\/\/jeanpierrejoly.fr\/wp-content\/uploads\/2025\/09\/bamiyan-site.jpg\" data-orig-size=\"665,1024\" data-comments-opened=\"1\" data-image-meta=\"{&quot;aperture&quot;:&quot;1.8&quot;,&quot;credit&quot;:&quot;&quot;,&quot;camera&quot;:&quot;iPhone SE (3rd generation)&quot;,&quot;caption&quot;:&quot;&quot;,&quot;created_timestamp&quot;:&quot;1758290811&quot;,&quot;copyright&quot;:&quot;&quot;,&quot;focal_length&quot;:&quot;3.99&quot;,&quot;iso&quot;:&quot;500&quot;,&quot;shutter_speed&quot;:&quot;0.033333333333333&quot;,&quot;title&quot;:&quot;&quot;,&quot;orientation&quot;:&quot;1&quot;}\" data-image-title=\"bamiyan-site\" data-image-description=\"\" data-image-caption=\"\" data-medium-file=\"https:\/\/jeanpierrejoly.fr\/wp-content\/uploads\/2025\/09\/bamiyan-site-195x300.jpg\" data-large-file=\"https:\/\/jeanpierrejoly.fr\/wp-content\/uploads\/2025\/09\/bamiyan-site.jpg\" role=\"button\" tabindex=\"0\" aria-label=\"Ouvrir l\u2019image 1 sur 2 en plein \u00e9cran\"srcset=\"https:\/\/i0.wp.com\/jeanpierrejoly.fr\/wp-content\/uploads\/2025\/09\/bamiyan-site.jpg?strip=info&#038;w=600&#038;ssl=1 600w,https:\/\/i0.wp.com\/jeanpierrejoly.fr\/wp-content\/uploads\/2025\/09\/bamiyan-site.jpg?strip=info&#038;w=665&#038;ssl=1 665w\" alt=\"\" data-height=\"1024\" data-id=\"1268\" data-link=\"https:\/\/jeanpierrejoly.fr\/?attachment_id=1268\" data-url=\"https:\/\/jeanpierrejoly.fr\/wp-content\/uploads\/2025\/09\/bamiyan-site.jpg\" data-width=\"665\" src=\"https:\/\/i0.wp.com\/jeanpierrejoly.fr\/wp-content\/uploads\/2025\/09\/bamiyan-site.jpg?ssl=1\" data-amp-layout=\"responsive\"\/><\/figure><\/div><div class=\"tiled-gallery__col\" style=\"flex-basis:53.58622%\"><figure class=\"tiled-gallery__item\"><img decoding=\"async\" data-attachment-id=\"1269\" data-permalink=\"https:\/\/jeanpierrejoly.fr\/?attachment_id=1269\" data-orig-file=\"https:\/\/jeanpierrejoly.fr\/wp-content\/uploads\/2025\/09\/le-vieux-de-la-montagne.jpg\" data-orig-size=\"768,1024\" data-comments-opened=\"1\" data-image-meta=\"{&quot;aperture&quot;:&quot;1.8&quot;,&quot;credit&quot;:&quot;&quot;,&quot;camera&quot;:&quot;iPhone SE (3rd generation)&quot;,&quot;caption&quot;:&quot;&quot;,&quot;created_timestamp&quot;:&quot;1758292132&quot;,&quot;copyright&quot;:&quot;&quot;,&quot;focal_length&quot;:&quot;3.99&quot;,&quot;iso&quot;:&quot;400&quot;,&quot;shutter_speed&quot;:&quot;0.033333333333333&quot;,&quot;title&quot;:&quot;&quot;,&quot;orientation&quot;:&quot;1&quot;}\" data-image-title=\"le vieux de la montagne\" data-image-description=\"\" data-image-caption=\"\" data-medium-file=\"https:\/\/jeanpierrejoly.fr\/wp-content\/uploads\/2025\/09\/le-vieux-de-la-montagne-225x300.jpg\" data-large-file=\"https:\/\/jeanpierrejoly.fr\/wp-content\/uploads\/2025\/09\/le-vieux-de-la-montagne.jpg\" data-attachment-id=\"1269\" data-permalink=\"https:\/\/jeanpierrejoly.fr\/?attachment_id=1269\" data-orig-file=\"https:\/\/jeanpierrejoly.fr\/wp-content\/uploads\/2025\/09\/le-vieux-de-la-montagne.jpg\" data-orig-size=\"768,1024\" data-comments-opened=\"1\" data-image-meta=\"{&quot;aperture&quot;:&quot;1.8&quot;,&quot;credit&quot;:&quot;&quot;,&quot;camera&quot;:&quot;iPhone SE (3rd generation)&quot;,&quot;caption&quot;:&quot;&quot;,&quot;created_timestamp&quot;:&quot;1758292132&quot;,&quot;copyright&quot;:&quot;&quot;,&quot;focal_length&quot;:&quot;3.99&quot;,&quot;iso&quot;:&quot;400&quot;,&quot;shutter_speed&quot;:&quot;0.033333333333333&quot;,&quot;title&quot;:&quot;&quot;,&quot;orientation&quot;:&quot;1&quot;}\" data-image-title=\"le vieux de la montagne\" data-image-description=\"\" data-image-caption=\"\" data-medium-file=\"https:\/\/jeanpierrejoly.fr\/wp-content\/uploads\/2025\/09\/le-vieux-de-la-montagne-225x300.jpg\" data-large-file=\"https:\/\/jeanpierrejoly.fr\/wp-content\/uploads\/2025\/09\/le-vieux-de-la-montagne.jpg\" role=\"button\" tabindex=\"0\" aria-label=\"Ouvrir l\u2019image 2 sur 2 en plein \u00e9cran\"srcset=\"https:\/\/i0.wp.com\/jeanpierrejoly.fr\/wp-content\/uploads\/2025\/09\/le-vieux-de-la-montagne.jpg?strip=info&#038;w=600&#038;ssl=1 600w,https:\/\/i0.wp.com\/jeanpierrejoly.fr\/wp-content\/uploads\/2025\/09\/le-vieux-de-la-montagne.jpg?strip=info&#038;w=768&#038;ssl=1 768w\" alt=\"\" data-height=\"1024\" data-id=\"1269\" data-link=\"https:\/\/jeanpierrejoly.fr\/?attachment_id=1269\" data-url=\"https:\/\/jeanpierrejoly.fr\/wp-content\/uploads\/2025\/09\/le-vieux-de-la-montagne.jpg\" data-width=\"768\" src=\"https:\/\/i0.wp.com\/jeanpierrejoly.fr\/wp-content\/uploads\/2025\/09\/le-vieux-de-la-montagne.jpg?ssl=1\" data-amp-layout=\"responsive\"\/><\/figure><\/div><\/div><\/div><\/div><\/div>\n\n\n\n<p><\/p>\n\n\n\n<p class=\"has-small-font-size\">Une fois devenu collectionneur de livres de photographies, apr\u00e8s quelques ann\u00e9es, le pas vers le livre personnel, fait main, pouvait \u00eatre franchi. Avec prudence, comme lors des d\u00e9ambulations al\u00e9atoires dans les sites montagneux, forestiers ou en ville aussi.<\/p>\n\n\n\n<p class=\"has-small-font-size\">Mani\u00e8re de lutter contre les ann\u00e9es qui passent ? Et alors !<\/p>\n\n\n\n<p class=\"has-small-font-size\">D\u00e9sir de proposer au lecteur une histoire possible, \u00e0 d\u00e9couvrir ou \u00e0 inventer. La photographie, en offrant du r\u00e9cit,  contourne l&rsquo;\u00e9chec de la repr\u00e9sentation du r\u00e9el. Elle donne une troisi\u00e8me dimension \u00e0 l&rsquo;image en la sortant de l&#8217;emballage plat et st\u00e9rile.<\/p>\n\n\n\n<p class=\"has-small-font-size\">Paradoxalement et malgr\u00e9 sa reproductibilit\u00e9, une photographie sur papier, qui a toujours peu ou prou \u00e0 voir avec le souvenir, est une \u0153uvre unique. Une gravure, loin des images \u00e9ph\u00e9m\u00e8res pass\u00e9es au moule de la post-production. <\/p>\n\n\n\n<p class=\"has-small-font-size\">La fabrication d&rsquo;un livre est une activit\u00e9 jubilatoire, sa lecture un antidote au <em>scrollage <\/em>compulsif.<\/p>\n\n\n\n<p class=\"has-small-font-size\">Jean Pierre JOLY, n\u00e9 \u00e0 Tunis, vit \u00e0 Nice et fl\u00e2ne dans l&rsquo;arri\u00e8re pays.<\/p>\n\n\n\n<p class=\"has-small-font-size\">Pour tout contact, laissez un message dans les commentaires. Merci.<\/p>\n","protected":false},"excerpt":{"rendered":"<p>Apr\u00e8s des ann\u00e9es bien remplies de pratique psychiatrique et psychanalytique, le retour \u00e0 celle de la photographie s&rsquo;est impos\u00e9e. Elle avait commenc\u00e9 en 1970, avec un Pracktica mat, en Afghanistan. C&rsquo;\u00e9tait au pied des falaises de B\u00e2miy\u00e2n, chez le vieux de la montagne. Une fois devenu collectionneur de livres de photographies, apr\u00e8s quelques ann\u00e9es, le &hellip; <\/p>\n<p class=\"link-more\"><a href=\"https:\/\/jeanpierrejoly.fr\/?page_id=1261\" class=\"more-link\">Continuer la lecture<span class=\"screen-reader-text\"> de &laquo;&nbsp;Pr\u00e9sentation-Contact&nbsp;&raquo;<\/span><\/a><\/p>\n","protected":false},"author":1,"featured_media":0,"parent":0,"menu_order":0,"comment_status":"open","ping_status":"closed","template":"","meta":{"jetpack_post_was_ever_published":false,"footnotes":""},"class_list":["post-1261","page","type-page","status-publish","hentry"],"jetpack_sharing_enabled":true,"jetpack_shortlink":"https:\/\/wp.me\/P8nH0Q-kl","jetpack-related-posts":[],"_links":{"self":[{"href":"https:\/\/jeanpierrejoly.fr\/index.php?rest_route=\/wp\/v2\/pages\/1261","targetHints":{"allow":["GET"]}}],"collection":[{"href":"https:\/\/jeanpierrejoly.fr\/index.php?rest_route=\/wp\/v2\/pages"}],"about":[{"href":"https:\/\/jeanpierrejoly.fr\/index.php?rest_route=\/wp\/v2\/types\/page"}],"author":[{"embeddable":true,"href":"https:\/\/jeanpierrejoly.fr\/index.php?rest_route=\/wp\/v2\/users\/1"}],"replies":[{"embeddable":true,"href":"https:\/\/jeanpierrejoly.fr\/index.php?rest_route=%2Fwp%2Fv2%2Fcomments&post=1261"}],"version-history":[{"count":9,"href":"https:\/\/jeanpierrejoly.fr\/index.php?rest_route=\/wp\/v2\/pages\/1261\/revisions"}],"predecessor-version":[{"id":1407,"href":"https:\/\/jeanpierrejoly.fr\/index.php?rest_route=\/wp\/v2\/pages\/1261\/revisions\/1407"}],"wp:attachment":[{"href":"https:\/\/jeanpierrejoly.fr\/index.php?rest_route=%2Fwp%2Fv2%2Fmedia&parent=1261"}],"curies":[{"name":"wp","href":"https:\/\/api.w.org\/{rel}","templated":true}]}}

Présentation-Contact

<p class="has-small-font-size">Après des années bien remplies de pratique psychiatrique et psychanalytique, le retour à celle de la photographie s&rsquo;est imposée. Elle avait commencé en 1970, avec un Pracktica mat, en Afghanistan. C&rsquo;était au pied des falaises de Bâmiyân, chez le vieux de la montagne.</p>



<div class="wp-block-jetpack-tiled-gallery aligncenter is-style-rectangular"><div class=""><div class="tiled-gallery__gallery"><div class="tiled-gallery__row"><div class="tiled-gallery__col" style="flex-basis:46.41378%"><figure class="tiled-gallery__item"><img decoding="async" data-attachment-id="1268" data-permalink="https://jeanpierrejoly.fr/?attachment_id=1268" data-orig-file="https://jeanpierrejoly.fr/wp-content/uploads/2025/09/bamiyan-site.jpg" data-orig-size="665,1024" data-comments-opened="1" data-image-meta="{&quot;aperture&quot;:&quot;1.8&quot;,&quot;credit&quot;:&quot;&quot;,&quot;camera&quot;:&quot;iPhone SE (3rd generation)&quot;,&quot;caption&quot;:&quot;&quot;,&quot;created_timestamp&quot;:&quot;1758290811&quot;,&quot;copyright&quot;:&quot;&quot;,&quot;focal_length&quot;:&quot;3.99&quot;,&quot;iso&quot;:&quot;500&quot;,&quot;shutter_speed&quot;:&quot;0.033333333333333&quot;,&quot;title&quot;:&quot;&quot;,&quot;orientation&quot;:&quot;1&quot;}" data-image-title="bamiyan-site" data-image-description="" data-image-caption="" data-medium-file="https://jeanpierrejoly.fr/wp-content/uploads/2025/09/bamiyan-site-195x300.jpg" data-large-file="https://jeanpierrejoly.fr/wp-content/uploads/2025/09/bamiyan-site.jpg" data-attachment-id="1268" data-permalink="https://jeanpierrejoly.fr/?attachment_id=1268" data-orig-file="https://jeanpierrejoly.fr/wp-content/uploads/2025/09/bamiyan-site.jpg" data-orig-size="665,1024" data-comments-opened="1" data-image-meta="{&quot;aperture&quot;:&quot;1.8&quot;,&quot;credit&quot;:&quot;&quot;,&quot;camera&quot;:&quot;iPhone SE (3rd generation)&quot;,&quot;caption&quot;:&quot;&quot;,&quot;created_timestamp&quot;:&quot;1758290811&quot;,&quot;copyright&quot;:&quot;&quot;,&quot;focal_length&quot;:&quot;3.99&quot;,&quot;iso&quot;:&quot;500&quot;,&quot;shutter_speed&quot;:&quot;0.033333333333333&quot;,&quot;title&quot;:&quot;&quot;,&quot;orientation&quot;:&quot;1&quot;}" data-image-title="bamiyan-site" data-image-description="" data-image-caption="" data-medium-file="https://jeanpierrejoly.fr/wp-content/uploads/2025/09/bamiyan-site-195x300.jpg" data-large-file="https://jeanpierrejoly.fr/wp-content/uploads/2025/09/bamiyan-site.jpg" role="button" tabindex="0" aria-label="Ouvrir l’image 1 sur 2 en plein écran"srcset="https://i0.wp.com/jeanpierrejoly.fr/wp-content/uploads/2025/09/bamiyan-site.jpg?strip=info&#038;w=600&#038;ssl=1 600w,https://i0.wp.com/jeanpierrejoly.fr/wp-content/uploads/2025/09/bamiyan-site.jpg?strip=info&#038;w=665&#038;ssl=1 665w" alt="" data-height="1024" data-id="1268" data-link="https://jeanpierrejoly.fr/?attachment_id=1268" data-url="https://jeanpierrejoly.fr/wp-content/uploads/2025/09/bamiyan-site.jpg" data-width="665" src="https://i0.wp.com/jeanpierrejoly.fr/wp-content/uploads/2025/09/bamiyan-site.jpg?ssl=1" data-amp-layout="responsive"/></figure></div><div class="tiled-gallery__col" style="flex-basis:53.58622%"><figure class="tiled-gallery__item"><img decoding="async" data-attachment-id="1269" data-permalink="https://jeanpierrejoly.fr/?attachment_id=1269" data-orig-file="https://jeanpierrejoly.fr/wp-content/uploads/2025/09/le-vieux-de-la-montagne.jpg" data-orig-size="768,1024" data-comments-opened="1" data-image-meta="{&quot;aperture&quot;:&quot;1.8&quot;,&quot;credit&quot;:&quot;&quot;,&quot;camera&quot;:&quot;iPhone SE (3rd generation)&quot;,&quot;caption&quot;:&quot;&quot;,&quot;created_timestamp&quot;:&quot;1758292132&quot;,&quot;copyright&quot;:&quot;&quot;,&quot;focal_length&quot;:&quot;3.99&quot;,&quot;iso&quot;:&quot;400&quot;,&quot;shutter_speed&quot;:&quot;0.033333333333333&quot;,&quot;title&quot;:&quot;&quot;,&quot;orientation&quot;:&quot;1&quot;}" data-image-title="le vieux de la montagne" data-image-description="" data-image-caption="" data-medium-file="https://jeanpierrejoly.fr/wp-content/uploads/2025/09/le-vieux-de-la-montagne-225x300.jpg" data-large-file="https://jeanpierrejoly.fr/wp-content/uploads/2025/09/le-vieux-de-la-montagne.jpg" data-attachment-id="1269" data-permalink="https://jeanpierrejoly.fr/?attachment_id=1269" data-orig-file="https://jeanpierrejoly.fr/wp-content/uploads/2025/09/le-vieux-de-la-montagne.jpg" data-orig-size="768,1024" data-comments-opened="1" data-image-meta="{&quot;aperture&quot;:&quot;1.8&quot;,&quot;credit&quot;:&quot;&quot;,&quot;camera&quot;:&quot;iPhone SE (3rd generation)&quot;,&quot;caption&quot;:&quot;&quot;,&quot;created_timestamp&quot;:&quot;1758292132&quot;,&quot;copyright&quot;:&quot;&quot;,&quot;focal_length&quot;:&quot;3.99&quot;,&quot;iso&quot;:&quot;400&quot;,&quot;shutter_speed&quot;:&quot;0.033333333333333&quot;,&quot;title&quot;:&quot;&quot;,&quot;orientation&quot;:&quot;1&quot;}" data-image-title="le vieux de la montagne" data-image-description="" data-image-caption="" data-medium-file="https://jeanpierrejoly.fr/wp-content/uploads/2025/09/le-vieux-de-la-montagne-225x300.jpg" data-large-file="https://jeanpierrejoly.fr/wp-content/uploads/2025/09/le-vieux-de-la-montagne.jpg" role="button" tabindex="0" aria-label="Ouvrir l’image 2 sur 2 en plein écran"srcset="https://i0.wp.com/jeanpierrejoly.fr/wp-content/uploads/2025/09/le-vieux-de-la-montagne.jpg?strip=info&#038;w=600&#038;ssl=1 600w,https://i0.wp.com/jeanpierrejoly.fr/wp-content/uploads/2025/09/le-vieux-de-la-montagne.jpg?strip=info&#038;w=768&#038;ssl=1 768w" alt="" data-height="1024" data-id="1269" data-link="https://jeanpierrejoly.fr/?attachment_id=1269" data-url="https://jeanpierrejoly.fr/wp-content/uploads/2025/09/le-vieux-de-la-montagne.jpg" data-width="768" src="https://i0.wp.com/jeanpierrejoly.fr/wp-content/uploads/2025/09/le-vieux-de-la-montagne.jpg?ssl=1" data-amp-layout="responsive"/></figure></div></div></div></div></div>



<p></p>



<p class="has-small-font-size">Une fois devenu collectionneur de livres de photographies, après quelques années, le pas vers le livre personnel, fait main, pouvait être franchi. Avec prudence, comme lors des déambulations aléatoires dans les sites montagneux, forestiers ou en ville aussi.</p>



<p class="has-small-font-size">Manière de lutter contre les années qui passent ? Et alors !</p>



<p class="has-small-font-size">Désir de proposer au lecteur une histoire possible, à découvrir ou à inventer. La photographie, en offrant du récit,  contourne l&rsquo;échec de la représentation du réel. Elle donne une troisième dimension à l&rsquo;image en la sortant de l&#8217;emballage plat et stérile.</p>



<p class="has-small-font-size">Paradoxalement et malgré sa reproductibilité, une photographie sur papier, qui a toujours peu ou prou à voir avec le souvenir, est une œuvre unique. Une gravure, loin des images éphémères passées au moule de la post-production. </p>



<p class="has-small-font-size">La fabrication d&rsquo;un livre est une activité jubilatoire, sa lecture un antidote au <em>scrollage </em>compulsif.</p>



<p class="has-small-font-size">Jean Pierre JOLY, né à Tunis, vit à Nice et flâne dans l&rsquo;arrière pays.</p>



<p class="has-small-font-size">Pour tout contact, laissez un message dans les commentaires. Merci.</p>

<p>Après des années bien remplies de pratique psychiatrique et psychanalytique, le retour à celle de la photographie s&rsquo;est imposée. Elle avait commencé en 1970, avec un Pracktica mat, en Afghanistan. C&rsquo;était au pied des falaises de Bâmiyân, chez le vieux de la montagne. Une fois devenu collectionneur de livres de photographies, après quelques années, le &hellip; </p>
<p class="link-more"><a href="https://jeanpierrejoly.fr/?page_id=1261" class="more-link">Continuer la lecture<span class="screen-reader-text"> de &laquo;&nbsp;Présentation-Contact&nbsp;&raquo;</span></a></p>
